{"id":30,"date":"2015-05-03T03:17:06","date_gmt":"2015-05-03T01:17:06","guid":{"rendered":"http:\/\/praxis-tausch.de\/wordpress\/?page_id=30"},"modified":"2015-05-03T03:26:03","modified_gmt":"2015-05-03T01:26:03","slug":"anfahrt","status":"publish","type":"page","link":"http:\/\/praxis-tausch.de\/?page_id=30","title":{"rendered":"Anfahrt"},"content":{"rendered":"<h2>\u00d6ffentliche Verkehrsmittel<\/h2>\n<p>Buslinie 41 Richtung Universit\u00e4t S\u00fcd, Haltestelle Hochfeldstrasse oder Henchstrasse<\/p>\n<h2>Auto<\/h2>\n\r\n\r\n<div id=\"mapp0_layout\" class=\"mapp-layout mapp-align-default\" style=\"width: 640px; border: 1px solid #000000; \">\r\n\t<div id=\"mapp0_links\" class=\"mapp-map-links\"><\/div>\r\n\t<div id=\"mapp0_dialog\" class=\"mapp-dialog\"><\/div>\r\n\t<div id=\"mapp0\" class=\"mapp-canvas\" style=\"width: 100%; height: 480px; \"><\/div>\r\n\t<div id=\"mapp0_directions\" class=\"mapp-directions\" style=\"width:100%\"><\/div>\r\n\t<div id=\"mapp0_poi_list\" class=\"mapp-poi-list\" style=\"width:100%\"><\/div>\r\n<\/div>\n","protected":false},"excerpt":{"rendered":"<p>\u00d6ffentliche Verkehrsmittel Buslinie 41 Richtung Universit\u00e4t S\u00fcd, Haltestelle Hochfeldstrasse oder Henchstrasse Auto<\/p>\n","protected":false},"author":1,"featured_media":0,"parent":0,"menu_order":0,"comment_status":"closed","ping_status":"closed","template":"","meta":[],"_links":{"self":[{"href":"http:\/\/praxis-tausch.de\/index.php?rest_route=\/wp\/v2\/pages\/30"}],"collection":[{"href":"http:\/\/praxis-tausch.de\/index.php?rest_route=\/wp\/v2\/pages"}],"about":[{"href":"http:\/\/praxis-tausch.de\/index.php?rest_route=\/wp\/v2\/types\/page"}],"author":[{"embeddable":true,"href":"http:\/\/praxis-tausch.de\/index.php?rest_route=\/wp\/v2\/users\/1"}],"replies":[{"embeddable":true,"href":"http:\/\/praxis-tausch.de\/index.php?rest_route=%2Fwp%2Fv2%2Fcomments&post=30"}],"version-history":[{"count":4,"href":"http:\/\/praxis-tausch.de\/index.php?rest_route=\/wp\/v2\/pages\/30\/revisions"}],"predecessor-version":[{"id":40,"href":"http:\/\/praxis-tausch.de\/index.php?rest_route=\/wp\/v2\/pages\/30\/revisions\/40"}],"wp:attachment":[{"href":"http:\/\/praxis-tausch.de\/index.php?rest_route=%2Fwp%2Fv2%2Fmedia&parent=30"}],"curies":[{"name":"wp","href":"https:\/\/api.w.org\/{rel}","templated":true}]}}